 8?
1
Suppose 0 = -5*m + a + 248, -8*m + 4*a + 242 = -3*m. Let h(j) = 15*j + 5. Let z be h(8). Calculate the highest common factor of z and m.
25
Let j(g) = 3*g**2 - 22*g - 99. Let u be j(47). What is the highest common divisor of 82 and u?
82
Let v(g) = 2*g**2 - 5*g - 22. Let r be v(8). Calculate the greatest common factor of r and 6.
6
Suppose 5*b - 5*c - 15 = 0, -b + 15 = c + 4*c. What is the greatest common divisor of 10 and b?
5
Let d be 10/(1 + 2/(-6)). Suppose -5*t + 928 = 253. What is the greatest common factor of d and t?
15
Let h = -11 - -13. Suppose -h*j + 21 = -x, x = j + 4*j - 57. What is the greatest common divisor of 48 and j?
12
Let y(d) = -d**2 + 3*d + 2. Let k be y(4). Let q be (2 - (k + 2)) + 18. Let w be 6/15 - 740/(-25). Calculate the greatest common divisor of q and w.
10
Let r = 161 - 151. Calculate the greatest common factor of r and 430.
10
Let z = 192 - 188. Calculate the highest common factor of 100 and z.
4
Suppose -424 = -3*s + o, -3*s + 5*o + 412 = -28. Let b(j) = -j**3 - 100*j**2 - 389*j - 445. Let l be b(-96). What is the greatest common factor of l and s?
35
Let r be 20/(-80) - (1 + 98/(-8)). Suppose -91 = 10*y - r*y. Calculate the highest common divisor of 7 and y.
7
Suppose -4*v + 1293 = -5*f - 3133, 2*v + 4*f = 2226. Suppose 1703 + v = 2*h. Suppose -h = -5*z - 251. What is the greatest common divisor of 21 and z?
21
Suppose -10*l - 78 = -8*l. Let o = l - -58. Calculate the greatest common divisor of o and 133.
19
Let d = 102 - 70. What is the greatest common factor of d and 64?
32
Suppose 4*x - 8 = 2*x. Let s = x - 3. Let b = -16 - -21. What is the greatest common divisor of b and s?
1
Suppose 56 = 2*m + m + 4*o, 5*o = 2*m - 45. Suppose -m*w = -24*w + 180. Calculate the greatest common factor of w and 45.
45
Suppose 0 = v - 4 - 1, 0 = 4*i + 4*v - 96. Let f = -22 + i. Let j(h) = 6*h**2 - 4*h - 4. Let u be j(f). Calculate the greatest common divisor of u and 155.
31
Let d(y) = -y**3 - 7*y**2 + 6*y - 5. Let x be d(-8). What is the greatest common factor of x and 275?
11
Let p be 23/(-1 + 0 + 2). Suppose 32 = i - 54. Let j = i - 40. What is the greatest common factor of j and p?
23
Let g be 1 + -1 + -4 + 9. Suppose -4*x - 63 = -g*x. Calculate the greatest common divisor of 42 and x.
21
Let o be 8*4/4 - 2. Suppose -6*r + 5*r + o = 0. Calculate the greatest common factor of r and 12.
6
Let z(r) = -42*r + 23 - 21 + 21 - r**3 + 6*r - 20*r**2. Let p be z(-18). Calculate the highest common divisor of p and 115.
23
Let b = -114 + 237. Let r be (-24)/42 + b/7. Let f be (-4)/(-6) - 1118/(-6). What is the highest common factor of f and r?
17
Let k = 1116 - 1081. Calculate the highest common divisor of k and 245.
35
Let v = 39 + -19. Suppose -v = 3*c + 1. Let z = c + 21. Calculate the highest common divisor of 21 and z.
7
Let r be 25/(-3)*(-5)/((-5)/(-3)). What is the highest common divisor of r and 675?
25
Suppose -20 = 17*a - 156. Calculate the greatest common factor of 3 and a.
1
Let y be -3*(1 + 5/(-3)). Suppose 3*m + 4 = -2. Let r = -1 - m. Calculate the greatest common divisor of y and r.
1
Let m = 495 + -431. What is the greatest common divisor of 96 and m?
32
Suppose -5*f = -242 + 37. Let n = f - 36. Calculate the highest common divisor of n and 2.
1
Let w = 8 + -2. Suppose -4*y = 5*c - 122, -134 = -5*c + 4*y + 44. What is the greatest common factor of w and c?
6
Suppose 2016 = 61*y - 53*y. Calculate the greatest common factor of y and 280.
28
Let f be (-114)/(-22) - (-4)/(-22). Suppose -3*u = -s + 50, -s = -f*u - 0*s - 86. Let y = 28 + u. What is the greatest common divisor of 4 and y?
2
Let c = 572 + -567. Calculate the highest common factor of 140 and c.
5
Let h = -273 - -403. What is the highest common factor of 156 and h?
26
Suppose 5*h - n - 334 = 0, 3*n - 92 = -4*h + 160. Suppose 0 = -w + 2*w - 6. Calculate the highest common factor of h and w.
6
Suppose 0*q + 4 = q. Suppose 0 = -892*t + 897*t - 120. Let p be (t/(-16))/((-3)/q). What is the highest common factor of 1 and p?
1
Let v be 10/4*(-96)/120. Let f(h) = -9*h**3 - 2*h**2 - 2*h + 2. Let k be f(v). What is the highest common divisor of 10 and k?
10
Let n = -60 + 89. Let s be 580*(-2)/(-12)*12/5. Calculate the highest common factor of n and s.
29
Let w = 801 + -776. Calculate the highest common divisor of w and 1025.
25
Let i(v) = -v**3 + v**2 + 12*v + 1. Let h be i(4). Calculate the greatest common divisor of 25 and h.
1
Let o = -453 - -658. Calculate the highest common factor of 82 and o.
41
Suppose -5*r - 3*s = -127 - 59, 4*r = -2*s + 148. Suppose 3*m = -9 - 0. Let a be (-1)/m - 2690/(-30). What is the highest common factor of r and a?
18
Suppose -4*t - 7*d + 2*d = -45, -5*t + 3*d + 47 = 0. Let y = 50 + t. What is the greatest common factor of 12 and y?
12
Let k = 1609 - 1583. Calculate the highest common divisor of 1456 and k.
26
Suppose -6 = -12*u + 18. Suppose f = u*q - q + 159, -f - 4*q + 169 = 0. Calculate the highest common divisor of f and 23.
23
Suppose 4*k + 30 - 422 = 0. Suppose 0*d - 32*d = -448. Calculate the highest common factor of k and d.
14
Let x(u) = -2*u - 4. Let r be x(-5). Suppose -8*s - 344 = -440. What is the greatest common divisor of s and r?
6
Suppose -596*s = -622*s - 806. Let p = 102 + -70. Let v = p + s. Calculate the greatest common divisor of 9 and v.
1
Let b = -24 - -28. Suppose 112 = -3*f - 2*s + 492, b*f - 4*s = 540. Calculate the highest common divisor of f and 52.
26
Let q be (72/(-54))/(2/(-3)). Suppose g = 0, 162 = q*p - 2*g - 24. Calculate the highest common factor of 31 and p.
31
Suppose -5*n = -5*i - 35, 4*n - 7 = i + 6. Let b be (-6)/3 + 34/n. Suppose 13*j + 40 = b*j. What is the greatest common divisor of j and 140?
20
Suppose 6*c - 5*y - 7 = 3*c, 4*c + 2*y = 44. Suppose -c = k - 13. Calculate the greatest common factor of 14 and k.
2
Suppose 8*t + 1946 = 2*y + 4*t, 2*t - 4877 = -5*y. What is the highest common factor of 75 and y?
75
Let t be 40/15*-18*(-2)/8. Suppose t = -0*s + 3*s. Calculate the highest common divisor of s and 32.
4
Let s(y) = -2*y**3 + 8*y**2 + 4*y. Let i be -1 + (-32)/(-3 - 1). Let f be s(i). Let m be (3/(-6))/(7/f). Calculate the greatest common divisor of 19 and m.
19
Suppose -10 = -u - 5*o, 2*u + 5*o - 10 = -u. Suppose u = j - 5*j - 8. Let t be (-1 - (-52 - j))*3. Calculate the highest common divisor of 21 and t.
21
Let v(g) = -g**3 - 7*g**2 + 14*g + 98. Let j be v(-8). Calculate the greatest common divisor of j and 230.
10
Let h(i) = i**3 - 9*i**2 + 3*i + 1. Let m be h(8). Let w = m - -70. Calculate the highest common divisor of 124 and w.
31
Let p = 53 - 26. Suppose 2*j = -0*j + 5*y - 18, 27 = -3*j + 4*y. Let m be (6/j)/(2/(-324)). What is the highest common divisor of m and p?
27
Suppose -271 = -5*n - 2*p, -4*p = -6*n + 10*n - 224. What is the highest common factor of 477 and n?
53
Suppose -41 = -4*d - 5*f, -2*d - 41 = 5*f - 74. What is the greatest common factor of d and 282?
2
Let l = 247 - 234. What is the greatest common divisor of l and 377?
13
Let t be (3/2*-31)/(3/(-16)). What is the greatest common factor of 93 and t?
31
Let q(g) = g**3 - 8*g**2 + 12*g + 16. Let b be q(10). What is the highest common factor of 14 and b?
14
Suppose -6*q = -2*q - 160. Let n = -35 + q. Calculate the greatest common divisor of n and 5.
5
Suppose 0 = -5*b - 28 + 53. Let f be -2 + (-285)/b*1. Let p = 99 + f. Calculate the highest common factor of p and 8.
8
Let p = -5 + -1. Let u be (p/5)/(3/(-30)). Let h(x) = -4*x**3 - 3*x**2 - 2*x - 3. Let t be h(-3). What is the greatest common factor of u and t?
12
Let a(r) = -r**2 + 27. Let v be a(-5). Suppose y - v = -b, 2*y + 2 = 8*b - 4*b. What is the highest common factor of b and 1?
1
Let c be 1*(-3 + (-24)/(-3)). Let h = 3 - c. Let u be 20 - 0 - (-6 - h). Calculate the highest common divisor of 120 and u.
24
Suppose 132 = 3*z - 252. Suppose -2*w - 6*w = -z. What is the highest common divisor of w and 128?
16
Suppose 29920 = 4*j + 4*a, 7476 = j - 6*a + 3*a. Let q be (-4)/(-14) + j/63. Calculate the greatest common factor of q and 17.
17
Let w(s) = 3*s**2 + s + 1. Let c be w(-1). Let d be (-1)/((-111)/36 + c). Suppose 100 = 2*l - d. What is the highest common factor of l and 84?
28
Let v = 513 - 108. What is the greatest common factor of 90 and v?
45